ed by 2369.
2363
What is the remainder when 13047023 is divided by 408?
407
Calculate the remainder when 3601102 is divided by 29.
27
What is the remainder when 1431944 is divided by 433?
13
Calculate the remainder when 328021 is divided by 32773.
291
What is the remainder when 172992 is divided by 57647?
51
Calculate the remainder when 20695751 is divided by 339273.
98
Calculate the remainder when 205843 is divided by 15713.
1574
Calculate the remainder when 36688273 is divided by 746.
739
What is the remainder when 1896662 is divided by 948323?
16
What is the remainder when 117633929 is divided by 19605652?
17
Calculate the remainder when 4697169 is divided by 671020.
29
Calculate the remainder when 53327 is divided by 10646.
97
What is the remainder when 4503376 is divided by 532?
528
What is the remainder when 3487215 is divided by 435899?
23
Calculate the remainder when 35084816 is divided by 7.
4
Calculate the remainder when 2690026 is divided by 141573.
139
What is the remainder when 24928424 is divided by 121602?
14
What is the remainder when 11380810 is divided by 1034594?
276
Calculate the remainder when 2050098 is divided by 717.
195
What is the remainder when 40027 is divided by 1416?
379
Calculate the remainder when 15276 is divided by 1604.
840
What is the remainder when 12316273 is divided by 201?
199
Calculate the remainder when 7013527 is divided by 1636.
1631
Calculate the remainder when 623326 is divided by 627.
88
Calculate the remainder when 800184 is divided by 800119.
65
What is the remainder when 7213172 is divided by 5?
2
What is the remainder when 31821074 is divided by 215?
214
Calculate the remainder when 10206332 is divided by 91948.
104
What is the remainder when 284076694 is divided by 95?
94
Calculate the remainder when 164678368 is divided by 14.
8
What is the remainder when 1745923 is divided by 125?
48
Calculate the remainder when 1132906 is divided by 51475.
456
What is the remainder when 608934012 is divided by 13?
11
What is the remainder when 928265 is divided by 203?
149
Calculate the remainder when 295812 is divided by 763.
531
What is the remainder when 362844458 is divided by 36837?
8
What is the remainder when 12986 is divided by 1434?
80
Calculate the remainder when 2985041 is divided by 497489.
107
Calculate the remainder when 16448762 is divided by 548.
542
What is the remainder when 42193 is divided by 500?
193
Calculate the remainder when 17316229 is divided by 1731622.
9
What is the remainder when 313197 is divided by 30?
27
Calculate the remainder when 25851792 is divided by 15.
12
What is the remainder when 212093 is divided by 70618?
239
Calculate the remainder when 257344 is divided by 97.
3
What is the remainder when 163686183 is divided by 1450?
33
What is the remainder when 390890 is divided by 761?
497
What is the remainder when 106506 is divided by 74?
20
Calculate the remainder when 6120554 is divided by 4040.
3994
Calculate the remainder when 232361 is divided by 114050.
4261
What is the remainder when 32726279 is divided by 7?
5
Calculate the remainder when 5122805 is divided by 18427.
99
Calculate the remainder when 59013 is divided by 1580.
553
Calculate the remainder when 1899445 is divided by 945.
940
What is the remainder when 39906488 is divided by 5072?
5064
What is the remainder when 8135128 is divided by 53?
52
Calculate the remainder when 228069 is divided by 10292.
1645
Calculate the remainder when 313240 is divided by 313239.
1
Calculate the remainder when 33216392 is divided by 19.
3
Calculate the remainder when 32861316 is divided by 108.
48
Calculate the remainder when 494576 is divided by 82429.
2
Calculate the remainder when 13354035 is divided by 40.
35
Calculate the remainder when 5879490 is divided by 74.
42
What is the remainder when 17449 is divided by 1447?
85
Calculate the remainder when 116020165 is divided by 62.
61
What is the remainder when 71107 is divided by 8884?
35
Calculate the remainder when 11468747 is divided by 125.
122
What is the remainder when 10314093 is divided by 166?
15
What is the remainder when 161768 is divided by 1014?
542
What is the remainder when 1721974 is divided by 24?
22
What is the remainder when 20021574 is divided by 194?
192
What is the remainder when 236249 is divided by 2563?
453
What is the remainder when 1127516 is divided by 632?
28
What is the remainder when 264893 is divided by 3548?
2341
Calculate the remainder when 3458058 is divided by 314364.
54
What is the remainder when 39935155 is divided by 100088?
43
What is the remainder when 1240376 is divided by 620181?
14
Calculate the remainder when 410828 is divided by 148.
128
What is the remainder when 454563 is divided by 56816?
35
Calculate the remainder when 1502706 is divided by 2096.
1970
Calculate the remainder when 278712 is divided by 92894.
30
Calculate the remainder when 1144363 is divided by 1192.
43
Calculate the remainder when 441330 is divided by 5879.
405
Calculate the remainder when 120747 is divided by 28842.
5379
What is the remainder when 36806349 is divided by 88?
85
What is the remainder when 14805405 is divided by 1643?
332
Calculate the remainder when 2661597 is divided by 98577.
18
Calculate the remainder when 52133 is divided by 372.
53
What is the remainder when 452014 is divided by 4764?
4198
What is the remainder when 633248 is divided by 44?
0
What is the remainder when 3475 is divided by 2529?
946
Calculate the remainder when 5589 is divided by 892.
237
What is the remainder when 119302918 is divided by 990?
988
What is the remainder when 1827297 is divided by 182711?
187
What is the remainder when 132777 is divided by 11013?
621
Calculate the remainder when 115272 is divided by 1226.
28
Calculate the remainder when 6723172 is divided by 83002.
10
Calculate the remainder when 1120966 is divided by 652.
178
Calculate the remainder when 22205 is divided by 22200.
5
Calculate the remainder when 20882803 is divided by 4176553.
38
Calculate the remainder when 880186 is divided by 62.
34
Calculate the remainder when 24930887 is divided by 127.
25
What is the remainder when 649573 is divided by 9007?
1069
Calculate the remainder when 182775862 is divided by 338.
334
What is the remainder when 2752 is divided by 526?
122
Calculate the remainder when 296496950 is divided by 322.
316
Calculate the remainder when 2241727 is divided by 12317.
33
What is the remainder when 1618172 is divided by 1804?
1788
What is the remainder when 8514698 is divided by 8514660?
38
Calculate the remainder when 224288 is divided by 291.
218
Calculate the remainder when 3404908 is divided by 850849.
1512
What is the remainder when 69470108 is divided by 16?
12
Calculate the remainder when 2944917 is divided by 282.
273
What is the remainder when 10235198 is divided by 123?
122
What is the remainder when 31224319 is divided by 68?
11
What is the remainder when 4464021 is divided by 223199?
41
What is the remainder when 60262411 is divided by 1843?
1840
What is the remainder when 39177 is divided by 39056?
121
Calculate the remainder when 537620 is divided by 1375.
1370
Calculate the remainder when 7684179 is divided by 497.
62
What is the remainder when 160786 is divided by 22808?
1130
Calculate the remainder when 15179 is divided by 2523.
41
What is the remainder when 152548 is divided by 2919?
760
What is the remainder when 68888 is divided by 246?
8
What is the remainder when 52543364 is divided by 1545393?
2
Calculate the remainder when 92833628 is divided by 457.
19
Calculate the remainder when 1084731 is divided by 126.
123
What is the remainder when 2413490 is divided by 2413390?
100
Calculate the remainder when 32024 is divided by 6404.
4
What is the remainder when 2128512 is divided by 587?
50
What is the remainder when 560977 is divided by 35?
32
Calculate the remainder when 29911787 is divided by 29911782.
5
What is the remainder when 621283 is divided by 7060?
3
What is the remainder when 61348 is divided by 2933?
2688
Calculate the remainder when 52644562 is divided by 319.
311
Calculate the remainder when 103578 is divided by 20370.
1728
Calculate the remainder when 617272 is divided by 14309.
1985
Calculate the remainder when 662 is divided by 443.
21